 -228 = -2*v + 3*r + 317, -4*v = 4*r - 1040. What is the hundreds digit of v?
2
Let c(u) = 430*u - 27. What is the thousands digit of c(4)?
1
Let o(c) be the first derivative of -c**4/4 + 3*c**3 + 33*c**2/2 - 6*c - 55. What is the units digit of o(11)?
5
Let t(y) = -y**3 + 14*y**2 - 12*y + 19. Let w be t(13). Suppose 29*g + 210 = w*g. What is the units digit of g?
0
Suppose -5*v + 2076 = 7*v. Let f be 1 - -251 - (2 - 0). Let u = f - v. What is the tens digit of u?
7
Let k = 741 + -588. What is the tens digit of k?
5
Suppose -4*q = -7*q, 2*q = -4*j + 32. What is the tens digit of ((-2)/j)/((-7)/574)*2?
4
Let u(o) = o**2 - o - 3. Let t = 11 - 11. Suppose 4*h - 20 = -t*h. What is the units digit of u(h)?
7
Let s be (24/(-6))/(-2*1). Suppose -3*m = s*m - 5. Let y(p) = 15*p. What is the tens digit of y(m)?
1
Suppose 8*q - 3*q - 280 = 0. Suppose -16 = -k - y, 3*k + 0*y = -y + q. Suppose -z - k = -52. What is the units digit of z?
2
What is the thousands digit of 10/50 + (-106191)/(-45)?
2
Let c = 12 - 14. What is the tens digit of (2 - 0)/(c/(-193))?
9
Let l(c) be the second derivative of 0*c**3 + 0 + 10*c**2 + 1/12*c**4 - 7*c. What is the tens digit of l(0)?
2
Let d = 437 - 258. Suppose 0 = 6*i - 5*i - d. What is the tens digit of i?
7
Suppose 50 = 2*y - 0*y. Let z = y + -11. What is the units digit of z?
4
What is the thousands digit of 1*((-2)/19 - 1271039/(-323))?
3
Let d(i) = 11*i**2 - 2*i. Let l be (-1)/((-2)/(-4)) + 4. What is the units digit of d(l)?
0
Let z(g) = 2*g + 10. Let j be z(-5). Suppose 39 = o - f, o + 4*o + 3*f - 179 = j. Suppose y = o + 1. What is the tens digit of y?
3
Let a(f) = -f**2 + 14*f - 19. Let d(o) = -2*o + 13. Let w be d(0). Let k be a(w). Let s = 12 + k. What is the units digit of s?
6
Let q(d) be the third derivative of -1/2*d**3 + 0 + 2*d**2 + 0*d + 1/20*d**5 - 1/24*d**4. What is the units digit of q(4)?
1
Let h = -297 - -1205. What is the tens digit of h?
0
Suppose 5*t = q - 12, 0 = -0*q + q + 4*t - 30. Let m be 1/(-4) + 627/12. Suppose 0*c - 2*c + 4*o + m = 0, c - o = q. What is the tens digit of c?
1
Let y be (-24)/9*(-45)/12. Let o be 56/(-2)*225/y. What is the units digit of 3/2 - o/12?
4
Let p be (39/(-4))/(3/(-8)). Suppose -p = 2*r + 40. What is the tens digit of (-9)/18 - r/2?
1
What is the hundreds digit of -2 + 2913/11 + 16/88?
2
Let a(n) = 7*n**2 - 7*n + 13*n + 2 + n**3 + 0*n. What is the units digit of a(-5)?
2
Let j(x) = x**2 - x - 1. Let i be j(3). Suppose 9*d - i*d = 216. What is the units digit of d?
4
Let m = -58 + 79. Suppose 5*i = 95 + 30. Suppose 16*q = m*q - i. What is the units digit of q?
5
Let f(c) = c - 5. Let j be f(7). Suppose 5*q + 680 = 5*a, 0*q + 136 = a - j*q. What is the tens digit of a?
3
Let r = 91 + 167. Suppose -4*k + 102 + r = 0. Suppose k = -3*d + 5*d. What is the units digit of d?
5
Let y(v) be the first derivative of v**3 + 5*v**2/2 + 5*v - 7. What is the tens digit of y(-4)?
3
Suppose 4*f + 3*a = 2*f - 2, 0 = -4*f + a - 18. What is the tens digit of f + (19/1 - 4)?
1
Suppose 0 = -14*h + 7*h + 182. Suppose h*t = 19*t + 903. What is the units digit of t?
9
Suppose 0 = 7*b - 2*b - 1025. Let c = -110 + b. What is the tens digit of c?
9
Suppose 0*x + 3 = -3*x. Suppose 0*d - 12 = 2*d. What is the units digit of (x - 0)*(-13 - d)?
7
Let m be 9/(-4) - 7/(-28). Let f = 2 - m. Suppose 0 = -3*v - 4*w + 69, -3*v = -7*v + f*w + 120. What is the units digit of v?
7
Suppose 0 = 3*u - 3*b, 3*u + 3*b - 6 = 6. Suppose -4*c + 3*t - u*t = -1045, 0 = 2*c - 3*t - 525. What is the tens digit of c?
6
Suppose -4*s + d - 10 = 0, 5*s - 3*d + 10 = 3*s. Let j be (-11)/66 - s/12. Suppose j = 3*r + 2*r - 140. What is the tens digit of r?
2
Suppose -r = 10*r - 66. Let b = 79 + r. What is the units digit of b?
5
Let g(m) = -2 + 51*m - 50*m + m**3 - 5*m**2 - 4. Let t be g(5). What is the units digit of t*(-4 - -3)*22?
2
Let i = 6 - 3. Let h(o) = o**2 - o - 4. Let l(s) = s + 4. Let r(q) = 2*h(q) + 3*l(q). What is the tens digit of r(i)?
2
Let x = 879 - 493. What is the tens digit of x?
8
Suppose 6*u - 9 = -3. Suppose u = w - 17. What is the tens digit of w?
1
Let i(l) = l**3 + 16*l**2 - 15*l + 25. Let z be i(-17). What is the units digit of 23/(33/z - -4)?
9
Suppose 1119 + 429 = 6*m. Let h = m + -153. What is the units digit of h?
5
Suppose 4*k - 2*a + 234 = -0*a, 4*a + 45 = -k. Let v = 123 + k. What is the units digit of v?
6
Let d = 424 + -63. What is the units digit of d?
1
Let d = -228 + 2887. What is the tens digit of d?
5
Suppose 2*j = -2*j + 12. Suppose 4 + 8 = j*l. What is the units digit of (-2 + (-7)/(-2))*l?
6
Suppose -7*l = -10825 + 381. What is the tens digit of l?
9
Let p(c) = c - 1. Let i = 16 + -18. Let u(f) = -1. Let d(k) = i*u(k) + p(k). What is the units digit of d(8)?
9
Let a = 1377 - 1232. What is the units digit of a?
5
Let z(g) be the first derivative of 2*g**2 - 11*g + 11. What is the tens digit of z(6)?
1
Suppose 3*u = 43 + 218. Suppose 2*f = -8, -2*p + p + 2*f = -u. What is the tens digit of p?
7
Suppose 2*g - 2*k - 22 = 0, k - 49 = -5*g - 0*k. Let b = g - 8. Suppose -b*j + 5*q = -24, -3*q - 8 = 2*j - 0*q. What is the units digit of j?
2
Let l(z) = z**2 - 1. Let t(j) = -j**3 - 7*j**2 - 10*j - 20. Let i(b) = 6*l(b) - t(b). What is the units digit of i(-12)?
8
Suppose c - 3443 = 2*h, -3*h = -89*c + 87*c + 6889. What is the units digit of c?
9
Let s(v) = 12*v**2 - 10*v - 206. What is the units digit of s(16)?
6
Let z be (4/3)/((-8)/(-12)). Suppose -z*u + 286 = 4*d, d - 568 = -4*u - 3*d. What is the units digit of u?
1
Let c = -16 - -10. What is the tens digit of (-2)/6*(717 + c)/(-3)?
7
Let v = 3 + -1. Let w be (1 + 7)*v/4. Suppose w*p = -19 + 71. What is the units digit of p?
3
Let g be ((-1)/(-2))/(-4 + (-462)/(-116)). Let d = -7 - g. What is the units digit of d?
2
Let m be (52/(-3))/(30/(-45)). Let s(r) = -18 - 14 + m + 2*r. What is the units digit of s(4)?
2
Let k be 0 - -1*1*(-2 + 5). Let c(i) = 6*i**3 + i**2 + 5*i + 1. What is the units digit of c(k)?
7
Suppose -23*v = -18*v + 20. Let p(q) = -q**3 + q**2 + q - 4. What is the units digit of p(v)?
2
Let i(m) = -m**3 - 10*m**2 - m + 8. Let r be i(-10). Suppose -2*c - r = -z + 55, -198 = -3*z - c. What is the units digit of z?
7
Suppose 2*m - 4*t = 430, -3*t + 19 = m - 181. Suppose m = 4*g - 179. What is the units digit of g?
7
Suppose 3*s + 1133 = 4664. What is the hundreds digit of s?
1
Let t(j) = -j**3 - 5*j**2 - 6*j - 6. Let q be t(-4). What is the units digit of (-13)/(-1) + 0/(-2) + q?
5
Let c be (3 + -4 + 4)*5. What is the tens digit of -5*(-20)/c*42/5?
5
What is the units digit of 0 + ((-9400)/4)/(-5) + -5?
5
Let v(q) = q**2 + 12*q + 11. Let d be v(-11). Suppose 0 = y - 5*a - 5, -4*a - a + 5 = d. Suppose -y - 85 = -5*o. What is the units digit of o?
9
Let a(x) = -68*x + 4. Suppose 6*n + 14 = 2. What is the units digit of a(n)?
0
What is the tens digit of ((-10)/6)/5 + 15928/66?
4
Suppose 0*f = 2*f - 168. Let d(c) = -c**2 + c - 5. Let v be d(6). Let a = f + v. What is the tens digit of a?
4
Suppose 5*w - 1 = -3*z + 11, 2*w = -2*z + 8. What is the units digit of -2 + 2 + 2 + w?
2
Let o = 143 - -287. What is the hundreds digit of o?
4
Let p(f) = 21*f + 8. Let v be p(7). Suppose 3*i = 4*k + 25 + 140, -5*i + v = -4*k. What is the tens digit of (-56)/10*k/18?
1
Let k(n) be the first derivative of -n**4/2 + 2*n**3/3 - 3*n + 15. What is the tens digit of k(-3)?
6
Let x(t) = 5*t**3 - 6*t**2 - 5*t - 2. Let v(s) = s**3 + s**2 + s. Let u(f) = -3*v(f) - x(f). What is the tens digit of u(-2)?
7
Suppose 3*w - 513 = -f, f = 3*w - 2*f - 525. What is the units digit of (-42)/105 - w/(-5)?
4
Suppose -5*b + 2*b + 748 = h, 0 = -5*b + 3*h + 1256. What is the hundreds digit of b?
2
Let c be (-12)/54 + (-47)/(-9). Suppose -2*a + a - q = 1, -4*q = c*a + 2. What is the tens digit of a/(-3) - 38/(-3)?
1
Let a(r) be the second derivative of -r**5/20 - r**4/4 + 5*r**3/6 + 3*r**2 + 7*r. Let c be a(-4). Suppose -90 = -c*z - 22. What is the units digit of z?
4
Let h = -35 + 25. What is the units digit of ((-8)/h)/(18/990)?
4
What is the tens digit of 4/(-10) + (-40925)/(-125)?
2
Suppose -4*b + 3 = -17. Suppose -3*a + 0*a - 463 = -b*j, -4*j - 5*a = -400. What is the tens digit of j?
9
Let g(t) = t**2 + 6*t - 8. Let o be g(-7). Let h be (-36)/(-2) - o*2. 